v(-7) is divided by q?
9
Let k = 712 - 691. What is the remainder when k is divided by 21?
0
Suppose 4*d - 268 = 2*d. Suppose 5*h + 39 = d. What is the remainder when 55 is divided by h?
17
Let x(w) = -w + 29. Suppose -4*b = 3*i - 11, -10 = 3*i - 4*i + 5*b. What is the remainder when 47 is divided by x(i)?
23
Let i be (0 + 2 + -4)/((-36)/1170). Suppose -68*w + i*w = -54. What is the remainder when 143 is divided by w?
17
Let m = -721 + 763. What is the remainder when 414 is divided by m?
36
Let z(v) = 33*v - 7. Let j = 34 - 22. Calculate the remainder when z(2) is divided by j.
11
Let z(v) be the first derivative of v**3/2 + 5*v**2 - 12*v + 10. Let y(p) be the first derivative of z(p). What is the remainder when y(3) is divided by 11?
8
Suppose 36 = 3*p - 3*c, 0 = 2*c - 0 - 2. What is the remainder when p is divided by 8?
5
Let j(r) = 8*r**3 + 7*r**2 - 17*r + 11. What is the remainder when j(3) is divided by 48?
47
Suppose 3*t - 346 = -4*v, 2*t + 139*v = 142*v + 208. Calculate the remainder when t is divided by 59.
51
Let x(a) be the first derivative of -a**2/2 - 11*a + 8. Let g be x(-7). What is the remainder when -2 - ((g - -8) + -71) is divided by 17?
14
Let m = -80 + 369. What is the remainder when m is divided by 40?
9
Calculate the remainder when 23072/(-504)*18/(-4) is divided by 23.
22
Suppose r + 9 = -3*v, 5*r - 11 = 3*v - 2. Suppose r = -q + 15 - 8. What is the remainder when 24 is divided by q?
3
Let n be -2 - (-6)/3 - 0. Suppose n*j - 2*j + 78 = -3*f, -46 = -j - 2*f. What is the remainder when j is divided by (-21 - 1)*(-1)/2?
9
What is the remainder when (40/8 - (-1575)/6)*2 is divided by 67?
66
Suppose 7*b + 40 = 11*b. Suppose 3*x = -2*x + b. Let r(y) = -y**2 + 4*y - 3. Calculate the remainder when 4 is divided by r(x).
0
Suppose -o - 3*y + 29 = 0, 2*o - 5*y = 5*o - 107. What is the remainder when 85 is divided by o?
41
Let r(f) = f**3 + 98. Calculate the remainder when r(0) is divided by 15.
8
Suppose 5*x + 5*s - 100 = 0, -2*x + 2*s - 14 = -38. Let h = 262 + -185. What is the remainder when h is divided by x?
13
Calculate the remainder when 120 is divided by ((-2)/(-4))/((12/88)/3).
10
Suppose 3*u - 23 = 37. What is the remainder when (-12)/16 - (12189/(-12))/17 is divided by u?
19
Suppose -8*u - 2907 = -25*u. Calculate the remainder when u is divided by 29.
26
Calculate the remainder when (-8)/(-18) - 192496/(-477) is divided by 12.
8
Suppose -5 - 3 = -2*x. Suppose 119 = x*c + j, 2*c - 3*j + j = 62. Let h = -2018 - -2035. What is the remainder when c is divided by h?
13
Suppose -20 = -s + 21. Calculate the remainder when s is divided by (3/2)/((-9)/(-84)).
13
Let a(c) = 7*c**3 + 10*c**2 - 14*c - 2. Calculate the remainder when a(2) is divided by 22.
0
Suppose -2*t = -6*f + 794, 2*f + 74 - 344 = 2*t. Calculate the remainder when f is divided by 7.
5
Suppose 0 = 5*k - 2*j - 20, 0 = -4*k - j - 4*j + 16. Suppose k*q - 69 = 3*q - 4*o, 324 = 5*q - o. Calculate the remainder when q is divided by 18.
11
Let h(r) = r**2 + 27*r + 136. What is the remainder when 39 is divided by h(-6)?
9
Let g(i) = 2*i**2 + 12*i + 3. Let z(x) = -x**2 + 4*x + 13. Let h be z(7). Calculate the remainder when 67 is divided by g(h).
32
Let p(t) = -14*t - 6. Let a = 134 + -48. What is the remainder when a is divided by p(-2)?
20
Let j(t) = 17 - 20*t + 31*t - 10*t. Suppose 2*x + 7 + 13 = 0. Calculate the remainder when 13 is divided by j(x).
6
Let b(v) be the first derivative of v**3/3 + 9*v**2/2 + 12*v + 5. Let x be b(-9). Let f = x + 0. Calculate the remainder when f is divided by 5.
2
Let v(y) = 4*y**2 + 6*y - 12. Let q be v(9). Let m = -192 + q. Calculate the remainder when m is divided by 44.
42
Let j(l) = 167*l - 7. Let i be j(6). Suppose 0 = -4*v - v + i. Suppose 591 - v = 4*h. Calculate the remainder when h is divided by 25.
23
Suppose -31 = 3*s + 4*h - 99, 47 = 2*s + 3*h. Calculate the remainder when 270 is divided by s.
14
Suppose 0*v - v = -2. Suppose -m = 7*x - 5*x, -m = -x - 12. What is the remainder when m is divided by v?
0
Let r(w) = w**2 + 18*w - 52. What is the remainder when 72 is divided by r(-21)?
6
Suppose -1 = o - s + 2, -4*s + 18 = -o. Suppose o*h + 2*q = 20, -4*h = -3*q + q - 64. Calculate the remainder when 53 is divided by h.
11
Let v = 10 - 4. Suppose -3*n + 26 = 5*k - 9, 5*n + k = 95. Calculate the remainder when n is divided by v.
2
Suppose 0 = -3*g - 2*g. Suppose -2*h + 3*s = -152, -2*s = -5*h + 2*h + 218. What is the remainder when h is divided by g + 26 - (7 - 5)?
22
Suppose -n + f + 7 = 0, 2*f + 2*f + 3 = -n. Let u = -687 + 705. Calculate the remainder when u is divided by n.
3
What is the remainder when 526 is divided by (36/15)/(93/3410)?
86
Suppose 0 = -35*q + 1345 + 1105. What is the remainder when q is divided by 30?
10
Suppose -5*y + 3*i - 333 = 0, 3*y - 2*i + 199 = -i. Let q = y - -189. What is the remainder when q is divided by 25?
23
Let d(k) = -2*k**3 + 4*k + 2. Let f be d(3). Let u = 74 + f. Let w = 15 + -3. Calculate the remainder when u is divided by w.
10
Suppose -2*n - 356 = -6*n. What is the remainder when n is divided by 18?
17
Suppose -34*i = -43*i + 981. What is the remainder when i is divided by 35?
4
Let r = 41 + 21. What is the remainder when r is divided by 14?
6
Let h = 508 - 447. Calculate the remainder when h is divided by 16.
13
Suppose -96*j + 89*j = -126. Let q(x) = -x**3 - 2*x**2 + 3*x - 7. Calculate the remainder when q(-5) is divided by j.
17
Let f be ((-14)/6 - -2) + (-572)/(-33). Let i = 7 + f. What is the remainder when i is divided by 7?
3
Let c(a) = a + 40. Let u(j) = -j**2 + 7*j - 5. Let h be u(8). Let m = 8 + -1. Calculate the remainder when c(h) is divided by m.
6
Suppose -n - 3*l + 7 = 0, -2 = -4*n + 5*l - 42. Let b = 13 + n. Let h(y) = 4*y + 7. What is the remainder when h(b) is divided by 21?
18
Let o be (-778)/(-18) - 10/45. Suppose o = 5*m + 18. Calculate the remainder when 14 is divided by m.
4
Let x(i) = 2*i**3 - 4*i**2 + 18*i + 5. Calculate the remainder when x(8) is divided by 40.
37
Suppose 5*p - 4*f - 147 = 244, 4*p - f = 304. Calculate the remainder when p is divided by 23.
6
Let r(y) = 0*y**3 - y**2 - y - 6 + 0*y - y**3 + 0*y. Suppose 0 = s + s - 82. Calculate the remainder when s is divided by r(-3).
11
Let a = -1570 - -1609. What is the remainder when 98 is divided by a?
20
Let j be 36/(-5)*(-15)/9. Suppose 13*n - j*n = 39. Calculate the remainder when n is divided by 10.
9
Let v(z) = z + 19. Let n = 24 + -38. Calculate the remainder when 17 is divided by v(n).
2
Let g(m) = -m**2 + 17*m + 25. Let q be (-9)/(-2)*(-24)/(-6). Suppose 29 - 9 = k. What is the remainder when k is divided by g(q)?
6
Let p(d) = 2*d**2 - 6. Suppose -10*l + 7*l = -9. Suppose 0 = -3*k + 3*j - 6*j + 21, 2*k + 6 = l*j. What is the remainder when p(k) is divided by 8?
4
Let t(k) = -9*k + 104. What is the remainder when 201 is divided by t(7)?
37
Suppose 2*k = 2*r + 44, 12 = 122*r - 124*r. Let s(x) = 4*x**2 - 8*x - 1. What is the remainder when s(6) is divided by k?
15
Let z(p) = -8*p**2 + 104*p + 26. Calculate the remainder when z(10) is divided by 9.
5
Suppose 4*c - 94 - 26 = 0. Let j = -42 - -59. Suppose -38 = -5*k + j. What is the remainder when c is divided by k?
8
Let o be 1/2 - 155/10. What is the remainder when 96 is divided by (-1)/((-1)/o)*4/(-3)?
16
Let q(z) = -7*z**2 - 38*z + 26. Calculate the remainder when 6 is divided by q(-6).
0
Let l(r) = -r**3 + 13*r**2 - 11*r - 7. Calculate the remainder when (-7)/(-3)*(1 + 2) is divided by l(12).
2
Suppose 96 = r + 11*r. Let a = -2 + 2. Suppose 5*d - 25 = -n, -2*n - 2*d - 13 + 71 = a. What is the remainder when n is divided by r?
6
Suppose 0 = 5*a - 5*i + 170, -i + 114 = -3*a + 8. Let z = a + 58. Calculate the remainder when 42 is divided by z.
20
Let c(f) = 2*f**2 + f - 1. Suppose 5*a - 149 = -y - 2*y, 151 = 5*a + 2*y. What is the remainder when a is divided by c(-3)?
3
Let q(r) = r**3 + 10*r**2 + 22*r + 10. Calculate the remainder when q(-6) is divided by ((-2)/(-3))/((-8)/(-144)).
10
Suppose -62*y = -83*y + 147. Let q(r) = -r**3 - 3*r**2 + 4*r - 5. What is the remainder when q(-5) is divided by y?
4
Let h = -631 - -210. What is the remainder when h/(-9) + 2/9 is divided by (6 + -1)/((-1)/(-5))?
22
Let q be (-3)/((-9)/(-24)*-2). Suppose 0 = -4*v 